{"id":22,"date":"2011-01-03T18:20:09","date_gmt":"2011-01-03T18:20:09","guid":{"rendered":"http:\/\/localhost:8888\/wordpress\/?page_id=22"},"modified":"2025-03-23T18:50:17","modified_gmt":"2025-03-23T17:50:17","slug":"credits","status":"publish","type":"page","link":"https:\/\/www.jepars.ch\/magazine\/credits\/","title":{"rendered":"Impressum"},"content":{"rendered":"<p>&nbsp;<\/p>\n<h5><strong>G\u00c9RARD BLANC<\/strong><br \/>\n<em>Ev\u00e9nements, presse et communication<\/em><\/h5>\n<p>Chemin de Montremoen 33<br \/>\nCH 1023 Crissier<br \/>\nT\u00e9l. +41 (0) 21 634 86 86<br \/>\n<a href=\"mailto:gefic@bluewin.ch\">gefic@bluewin.ch<\/a><\/p>\n<p><strong>Editeur et r\u00e9dacteur en chef<\/strong><br \/>\nG\u00e9rard Blanc<\/p>\n<p><strong>Direction de projet, direction artistique, r\u00e9daction photo<\/strong><br \/>\nIsabelle Blanc<br \/>\n<a href=\"mailto:isabelle.blanc@jepars.ch\">isabelle.blanc@jepars.ch<\/a><\/p>\n<p><strong>R\u00e9dactrice en chef adjointe<\/strong><br \/>\nErika Bodmer<\/p>\n<p><strong>Collaborateurs<\/strong><br \/>\nIsabelle Blanc, Jean-Jacques G\u00e9rard, Roger Juillerat, Mary Kehrli-Smyth, Marguerite Martinoli, Sonya Mermoud, Laurent Missbauer, Mariette Muller<\/p>\n<p><strong>Publicit\u00e9<\/strong><br \/>\n<a href=\"mailto:gefic@bluewin.ch\">gefic@bluewin.ch<\/a><\/p>\n<p><strong>Conception graphique et d\u00e9veloppement<\/strong><br \/>\n<a href=\"http:\/\/www.surunnuage.com\" target=\"_blank\" rel=\"noopener\">Thierry Page &#8211; Sur Un Nuage<\/a><\/p>\n<p><strong>CMS Open Source<\/strong><br \/>\n<a href=\"http:\/\/www.wordpress.org\" target=\"_blank\" rel=\"noopener\">WordPress<\/a><\/p>\n<p><strong>H\u00e9bergement<\/strong><br \/>\n<a href=\"http:\/\/www.infomaniak.ch\" target=\"_blank\" rel=\"noopener\">Infomaniak<\/a><\/p>\n<p>&nbsp;<\/p>\n<h4>Copyright<\/h4>\n<p><em>Les textes et photos publi\u00e9s sur ce site sont propri\u00e9t\u00e9s de <strong>jepars.ch, <\/strong>de G\u00e9rard Blanc ou de ses partenaires. Toute reproduction totale ou partielle des photos, textes ou tout autre contenu du site <strong>jepars.ch<\/strong> est strictement interdite. <\/em><\/p>\n","protected":false},"excerpt":{"rendered":"<p>&nbsp; G\u00c9RARD BLANC Ev\u00e9nements, presse et communication Chemin de Montremoen 33 CH 1023 Crissier T\u00e9l. +41 (0) 21 634 86 86 gefic@bluewin.ch Editeur et r\u00e9dacteur en chef G\u00e9rard Blanc Direction de projet, direction artistique, r\u00e9daction photo Isabelle Blanc isabelle.blanc@jepars.ch R\u00e9dactrice en chef adjointe Erika Bodmer Collaborateurs Isabelle Blanc, Jean-Jacques G\u00e9rard, Roger Juillerat, Mary Kehrli-Smyth, Marguerite [&hellip;]<\/p>\n","protected":false},"author":1,"featured_media":0,"parent":0,"menu_order":4,"comment_status":"closed","ping_status":"closed","template":"","meta":{"ngg_post_thumbnail":0,"footnotes":""},"class_list":["post-22","page","type-page","status-publish","hentry"],"wps_subtitle":"","_links":{"self":[{"href":"https:\/\/www.jepars.ch\/magazine\/wp-json\/wp\/v2\/pages\/22","targetHints":{"allow":["GET"]}}],"collection":[{"href":"https:\/\/www.jepars.ch\/magazine\/wp-json\/wp\/v2\/pages"}],"about":[{"href":"https:\/\/www.jepars.ch\/magazine\/wp-json\/wp\/v2\/types\/page"}],"author":[{"embeddable":true,"href":"https:\/\/www.jepars.ch\/magazine\/wp-json\/wp\/v2\/users\/1"}],"replies":[{"embeddable":true,"href":"https:\/\/www.jepars.ch\/magazine\/wp-json\/wp\/v2\/comments?post=22"}],"version-history":[{"count":56,"href":"https:\/\/www.jepars.ch\/magazine\/wp-json\/wp\/v2\/pages\/22\/revisions"}],"predecessor-version":[{"id":21352,"href":"https:\/\/www.jepars.ch\/magazine\/wp-json\/wp\/v2\/pages\/22\/revisions\/21352"}],"wp:attachment":[{"href":"https:\/\/www.jepars.ch\/magazine\/wp-json\/wp\/v2\/media?parent=22"}],"curies":[{"name":"wp","href":"https:\/\/api.w.org\/{rel}","templated":true}]}}